d 294254.
881
Calculate the highest common factor of 11954 and 1807.
139
Calculate the greatest common factor of 348 and 69339.
87
What is the greatest common divisor of 14 and 421351?
7
Calculate the greatest common factor of 328 and 18163.
41
Calculate the greatest common factor of 360048 and 208.
208
What is the highest common factor of 2652 and 3963?
3
What is the highest common divisor of 1310 and 41630?
10
Calculate the greatest common divisor of 23 and 1249429.
23
Calculate the greatest common divisor of 10827 and 162.
27
Calculate the highest common factor of 1717620 and 60.
60
Calculate the greatest common divisor of 2445766 and 2032.
254
Calculate the highest common divisor of 52 and 1911.
13
Calculate the greatest common divisor of 178416 and 3780.
756
Calculate the greatest common divisor of 27768 and 1128.
24
What is the greatest common factor of 50 and 488870?
10
What is the highest common divisor of 662 and 19?
1
Calculate the greatest common factor of 419619 and 7869.
183
What is the highest common factor of 521 and 346?
1
Calculate the highest common divisor of 53 and 723026.
53
What is the greatest common divisor of 110025 and 270?
135
What is the highest common factor of 21500 and 12500?
500
What is the greatest common divisor of 434988 and 71936?
1124
What is the greatest common factor of 55 and 782419?
11
Calculate the highest common divisor of 510 and 270.
30
What is the greatest common factor of 3311 and 189028?
301
Calculate the greatest common factor of 2052 and 372780.
684
What is the highest common factor of 15 and 44365?
5
What is the greatest common divisor of 2220 and 2708844?
444
What is the highest common divisor of 8 and 26000?
8
What is the highest common divisor of 2120 and 40598?
106
What is the highest common divisor of 93 and 14074?
31
Calculate the greatest common factor of 157740 and 165.
165
What is the highest common divisor of 43 and 29?
1
What is the highest common divisor of 890 and 835?
5
What is the greatest common factor of 102268 and 444?
148
What is the greatest common divisor of 2004 and 34402?
334
What is the highest common factor of 104 and 12298?
26
What is the highest common divisor of 1247 and 18189?
43
What is the greatest common factor of 3818 and 2?
2
What is the highest common divisor of 23514 and 6?
6
What is the greatest common divisor of 27046 and 18?
2
What is the highest common factor of 920 and 47288?
184
Calculate the greatest common factor of 1947 and 20031.
33
Calculate the greatest common divisor of 302 and 567458.
302
Calculate the greatest common factor of 11620 and 1400.
140
What is the highest common factor of 575898 and 24?
6
Calculate the highest common divisor of 2666 and 4588.
62
Calculate the highest common factor of 2508 and 2860.
44
What is the greatest common factor of 50 and 16?
2
Calculate the highest common factor of 2875664 and 1408.
176
What is the highest common divisor of 5148 and 3762?
198
Calculate the greatest common divisor of 76007 and 289.
289
Calculate the greatest common divisor of 93184 and 5408.
416
Calculate the highest common divisor of 19317019 and 227.
227
What is the highest common divisor of 13348 and 147956?
188
Calculate the highest common factor of 8383 and 4949.
101
What is the highest common factor of 22385 and 23606?
407
What is the highest common factor of 2064 and 192?
48
Calculate the greatest common divisor of 9060084 and 22.
22
Calculate the highest common divisor of 4606 and 1222.
94
Calculate the highest common divisor of 6958 and 19992.
98
Calculate the highest common divisor of 70 and 1084130.
10
What is the highest common factor of 306782 and 7?
7
Calculate the greatest common factor of 11974845 and 15.
15
Calculate the highest common factor of 39093 and 415.
83
Calculate the greatest common factor of 8496 and 341728.
944
What is the greatest common divisor of 12636 and 48?
12
Calculate the greatest common factor of 90736 and 9328.
848
What is the greatest common divisor of 342 and 650520?
18
Calculate the highest common divisor of 91 and 1671787.
13
Calculate the highest common divisor of 104 and 2890784.
104
What is the greatest common divisor of 1242 and 3294?
54
What is the highest common factor of 4842 and 162?
18
What is the highest common factor of 38001 and 16491?
717
Calculate the greatest common factor of 10516 and 528.
44
What is the highest common factor of 1625 and 481?
13
What is the highest common factor of 90950 and 700?
50
Calculate the greatest common factor of 1526 and 58.
2
What is the highest common factor of 95 and 78565?
95
What is the greatest common divisor of 6 and 2178906?
6
Calculate the greatest common divisor of 3296 and 7519.
103
What is the highest common factor of 1050 and 3300?
150
What is the highest common divisor of 6758 and 12834?
62
Calculate the greatest common factor of 336 and 10176.
48
Calculate the greatest common divisor of 15469 and 4929.
31
What is the greatest common factor of 582 and 2937354?
582
Calculate the greatest common factor of 106035 and 90.
15
Calculate the greatest common divisor of 336042 and 21.
21
Calculate the greatest common factor of 25 and 232325.
25
What is the highest common factor of 16 and 133160?
8
Calculate the highest common factor of 496 and 77779.
31
Calculate the highest common factor of 2875 and 1173.
23
Calculate the highest common factor of 1931903 and 53.
53
Calculate the highest common divisor of 186 and 474951.
93
What is the greatest common divisor of 64404 and 567?
9
Calculate the greatest common divisor of 1080458 and 742.
106
Calculate the highest common divisor of 13869 and 1679.
23
Calculate the greatest common divisor of 114600 and 3200.
200
Calculate the highest common factor of 1786 and 376.
94
Calculate the highest common divisor of 605 and 18535.
55
What is the highest common factor of 60 and 5919740?
20
What is the greatest common divisor of 4940906 and 3404?
1702
Calculate the highest common divisor of 40421 and 6889.
83
What is the highest common factor of 6370968 and 716?
716
What is the highest common factor of 1323 and 5502?
21
Calculate the highest common divisor of 236 and 57938.
118
Calculate the greatest common divisor of 138 and 318.
6
Calculate the greatest common divisor of 55572 and 198.
66
What is the highest common divisor of 198 and 107228?
22
What is the highest common factor of 16455 and 30?
15
What is the highest common divisor of 16279 and 3122?
223
What is the highest common factor of 399926 and 359?
359
What is the highest common factor of 4223 and 110004?
103
Calculate the greatest common factor of 37680 and 110.
10
Calculate the highest common factor of 2790 and 49383.
279
What is the greatest common factor of 3068 and 832?
52
Calculate the greatest common divisor of 102 and 2068594.
34
What is the greatest common factor of 100 and 138870?
10
What is the highest common factor of 2728 and 46024?
88
What is the highest common divisor of 238 and 127862?
14
Calculate the highest common factor of 203 and 2639.
203
What is the highest common factor of 12 and 86084?
4
Calculate the greatest common divisor of 697 and 25944431.
697
What is the highest common divisor of 97686 and 38394?
486
What is the greatest common divisor of 78 and 45435?
39
Calculate the greatest common factor of 132 and 1500.
12
What is the greatest common factor of 5379 and 539?
11
What is the greatest common divisor of 2248 and 848058?
562
What is the greatest common factor of 379896 and 30?
6
What is the highest common divisor of 1829 and 413?
59
Calculate the highest common factor of 23015 and 65.
5
Calculate the greatest common divisor of 4 and 27172.
4
Calculate the greatest common factor of 262 and 115411.
131
Calculate the greatest common divisor of 199867 and 6187.
269
Calculate the highest common factor of 4312 and 1708.
28
Calculate the greatest common factor of 11 and 12199.
11
Calculate the highest common factor of 384354 and 786.
786
Calculate the highest common factor of 306485 and 85.
5
Calculate the greatest common divisor of 2040 and 810.
30
Calculate the greatest common factor of 24701 and 374.
17
What is the highest common factor of 848 and 12932?
212
Calculate the highest common divisor of 39 and 2035007.
13
What is the